 = 25 + -18. Let o = 14 + d. Let c = 13 - -92. Calculate the highest common divisor of o and c.
21
Let k(f) = -2*f - 2 + 4*f**2 + 3*f - 3*f**3 + 2*f**3 + 3. Let c be k(4). Suppose -c*v + 49 = -36. What is the greatest common divisor of 153 and v?
17
Let g(f) = -2*f**3 - 8*f + f - 9 + f**3 - 9*f**2 + 0*f. Let x be g(-10). Let p = x - 96. Calculate the highest common factor of 13 and p.
13
Let q be 18975/132 + 10/8. What is the highest common divisor of q and 29?
29
Let q = 19 - 14. Suppose 0*j = -j + q. Let b(k) = 3*k + 9. Let w be b(j). Calculate the greatest common factor of w and 60.
12
Let h(d) = 207*d + 1278. Let f be h(-6). Suppose 48 + 0 = v. Calculate the greatest common divisor of f and v.
12
Let c be 1 - (1 + 5)/(-3). Suppose 10*p = -f + 6*p + 34, -4*f + c*p = -60. Calculate the greatest common factor of f and 9.
9
Let o = -234 - -239. Suppose -2*k + 0*k = 0. Suppose k = z - 3*z - o*v + 27, 3*z + 3*v = 27. Calculate the greatest common factor of 12 and z.
6
Suppose -3*i - 121 = -436. Let b be 105/(-25)*(-6 + 1). Calculate the greatest common divisor of i and b.
21
Let l(k) = -k**2 - 20*k - 10. Let u be l(-16). Calculate the highest common divisor of 2 and u.
2
Let k be (52/10)/((-2)/(-10)). Let i(x) = -170*x**3 - x**2 - 2*x - 1. Let b be i(-1). Suppose 5*y = b - 40. What is the highest common divisor of y and k?
26
Let h be 6*(-6)/(-12) - 5 - -173. Calculate the highest common divisor of h and 18.
9
Let f(j) = 0*j**3 - 6*j**2 - 8*j**3 + 7*j**3. Let t be f(-6). Let n be (t + 2)*99/22. What is the highest common divisor of n and 81?
9
Let w(q) = q**2 - 8*q + 12. Let o be w(8). Suppose g = o - 5. Let t(c) = 2*c**3 - 4*c**2 - 1. Let u be t(4). Calculate the highest common factor of u and g.
7
Let j be (-4)/(-1) - (-3 + 5). Let s be -1 - (j - 270/5). Calculate the greatest common divisor of s and 34.
17
Let o(p) = -13*p - 63. Let c(f) = -f - 9. Let r be c(-3). Let l be o(r). Calculate the greatest common factor of l and 40.
5
Let q = 27 - 27. Let d be (2 + q/(-3))*22. Let v be (d/(-6))/((-3)/9). Calculate the greatest common factor of v and 33.
11
Let r be (-2 - -1) + (-6)/2. Let s be (-38)/r - (-4)/(-8). Let b = 12 - s. Calculate the greatest common divisor of b and 15.
3
Let z = 1047 - 1046. Calculate the highest common divisor of z and 31.
1
Let s = -1590 - -2265. Suppose -2*x - s = -7*x. What is the highest common factor of 54 and x?
27
Suppose -2*k + 56 = -8. Let i = 722 - 610. What is the greatest common divisor of i and k?
16
Let p be 332/36 + 4/(-18). Let y(g) be the third derivative of g**4/6 - 8*g**3/3 - 2*g**2. Let d be y(p). What is the highest common divisor of d and 220?
20
Suppose 9*m - 15 = 4*m. Let a(z) = 2*z**2 - z - 4. Let o be a(m). Calculate the greatest common divisor of o and 55.
11
Let q = 83 + -69. What is the highest common divisor of q and 28?
14
Let y(i) = i - 1. Let t be y(-6). Let u be (-35)/t - 3/1. Suppose 0*p + 5*p + u*k = 728, 4*p - 5*k = 556. Calculate the greatest common divisor of p and 16.
16
Let o = -159 - -165. Calculate the greatest common divisor of o and 2118.
6
Let u = -291 + 295. Let s be (8/(-3))/((-2)/(-12)). Let z = u - s. Calculate the greatest common factor of 80 and z.
20
Let a = 218 - 146. What is the highest common divisor of a and 16?
8
Suppose -5*b = -3*b - 1118. Let d = b + -374. What is the greatest common factor of d and 74?
37
Let z be (-134 + 0)*(61 + -62). What is the highest common factor of 469 and z?
67
Let v(f) = 33*f + 104*f + 24*f - 21. Let b be v(2). What is the greatest common divisor of 43 and b?
43
Let i = 66 - 9. Let u be (i/(-9) - -1)*-6. Let y = u + -16. What is the greatest common divisor of 24 and y?
8
Let s be 8/(-28) + ((-78)/21 - -4). Let u be 6/(-8)*-3*(s - -28). What is the highest common divisor of u and 21?
21
Suppose -11*d + 8531 - 215 = 0. Calculate the highest common divisor of d and 81.
27
Let c = 418 - 331. What is the highest common factor of c and 145?
29
Suppose 2*c - 4*a + 28 - 128 = 0, a + 207 = 4*c. Suppose c = j + 3*j + 5*u, 0 = -3*j - u + 39. What is the highest common divisor of 91 and j?
13
Let s be 15/10 + (-1)/(-2). Let b(k) = k**2 + 5*k**2 + 8*k - 3 + 0*k**s. Let a be b(5). Calculate the highest common factor of 17 and a.
17
Suppose 10*u - 108 = 1952. Calculate the highest common factor of 6 and u.
2
Suppose s = -0 + 2. Let w be 2 + -21 - 3 - s. Let p be -21*(0 - w/(-9)). Calculate the highest common divisor of p and 14.
14
Let o(y) = -y**3 + 12*y**2 - 12*y + 25. Let q be o(11). Suppose -18 + q = -4*v. What is the highest common divisor of 7 and v?
1
Suppose 6*u - 26*u + 300 = 0. What is the highest common factor of 30 and u?
15
Suppose -64 = -2*a - 5*m, 3*m = 5*m + 8. Let i(v) = 5*v**3 - 2*v + 3. Let l be i(1). Calculate the greatest common factor of a and l.
6
Let i(y) = y - 15. Let m be i(18). Suppose m = z - 4. Calculate the highest common divisor of 2 and z.
1
Suppose 6*q = -9*q + 1200. What is the highest common factor of 560 and q?
80
Let g = 551 + -311. Let x be 216/15*-35*16/(-168). What is the highest common divisor of x and g?
48
Let c = 1 - 0. Let i = 26 - 24. Suppose q - 1 = 3*b - b, 4*b = -i*q + 18. Calculate the highest common divisor of q and c.
1
Let j(p) = 5*p**2 + 4*p - 16. Let x be j(-4). What is the highest common factor of 136 and x?
8
Suppose 5*b + 37 = 3*f, -6*b = f - 2*b + 16. Suppose 0 = -f*y - 18 + 78. Let p = -9 + y. Calculate the greatest common factor of p and 48.
6
Let u(n) = 10*n + 10. Let v(a) = a**2 - a - 1. Let d be v(-3). Let w be u(d). What is the greatest common factor of w and 15?
15
Let t be 3 + 0 + (-14 - -11). Suppose t = -8*v + 6*v - 20. Let h be (-48)/(-15)*(-75)/v. What is the greatest common factor of h and 264?
24
Suppose 11*k = -1214 + 1412. Calculate the greatest common factor of k and 387.
9
Let x = -434 - -459. What is the highest common factor of x and 600?
25
Suppose -57*o = -60*o + 21. Let u(h) = -3*h + 1. Let l(a) = 1. Let d(t) = -2*l(t) + u(t). Let g be d(-12). What is the highest common divisor of o and g?
7
Suppose -51*f - 4 = -55*f, 45 = r + 4*f. What is the greatest common factor of r and 164?
41
Let b be (-46)/(-14) + (-2)/7. Suppose 0 = 3*j - 8*j. Suppose -5*i + 12 + b = j. What is the highest common factor of i and 3?
3
Let s = 2022 + -1194. Calculate the greatest common divisor of 9 and s.
9
Let q be -328 + -3 + (1 - 1). Let v = 152 + q. Let c = -58 - v. Calculate the highest common factor of 11 and c.
11
Suppose 428 = 18*x - 48622. What is the highest common divisor of 109 and x?
109
Let w(s) = 2*s. Let x be w(2). Suppose -x*a + 1 = 5, -5*y + 171 = 4*a. Suppose -5*v + y - 10 = 0. Calculate the greatest common factor of 40 and v.
5
Let x(c) = -c**3 - 4*c**2 - 3*c - 3. Let b be x(-4). Suppose 4*r + 22 - 94 = 0. What is the greatest common divisor of r and b?
9
Suppose -652 = -8*b + 164. What is the greatest common factor of 68 and b?
34
Suppose -13 = -r + 16. Suppose -2*o + 102 + 62 = 5*s, -4*s = 8. Calculate the greatest common factor of o and r.
29
Let n = 1 - 5. Let z be 58 - (-2 + 0/n). Suppose 3*k = 3*o - z, -o + 2*k = 4*k - 32. Calculate the greatest common factor of o and 12.
12
Suppose 2*z = 21 + 23. Suppose -2*u + z = -0*u. Suppose -7 = -d + 3*q, -4*d + 3*q = -q - 12. Calculate the greatest common factor of d and u.
1
Let s(v) = -7*v + 2. Let j be s(-2). Let y(x) = -4*x + 332. Let k be y(47). What is the greatest common divisor of j and k?
16
Suppose 448 + 16 = 16*q. Calculate the greatest common factor of 5 and q.
1
Let a(z) = -64*z - 2. Let v be a(-1). Let g = -51 + v. What is the highest common factor of 11 and g?
11
Suppose 0 = -2*n - 2*d + 16, 6*d - 16 = -n + 3*d. What is the highest common factor of n and 16?
4
Let b(n) = 13*n + 3. Let a(j) = -25*j - 5. Let i(d) = 4*a(d) + 7*b(d). Let w be i(-2). Suppose -2*z = 3*z - 380. What is the highest common divisor of z and w?
19
Suppose x = -0 + 55. Suppose -t = -6*t + x. What is the highest common divisor of 44 and t?
11
Suppose 0*n + 4*n = 48. Let w = -40 + 0. Let j be 12*(3 - w/(-15)). Calculate the highest common divisor of n and j.
4
Suppose -3*m + 436 = 5*w, 55*w - 53*w - 170 = m. Calculate the highest common factor of 817 and w.
43
Suppose 266 - 38 = 4*j. Suppose -3*z + j = -6*z. Let h = z + 37. Calculate the 